nder when 617288 is divided by 15.
8
Calculate the remainder when 112500 is divided by 7.
3
Calculate the remainder when 6385 is divided by 432.
337
What is the remainder when 4471 is divided by 259?
68
Calculate the remainder when 41609 is divided by 20790.
29
What is the remainder when 120919 is divided by 11?
7
Calculate the remainder when 2615 is divided by 649.
19
Calculate the remainder when 1718282 is divided by 88.
82
What is the remainder when 9846 is divided by 130?
96
Calculate the remainder when 12601 is divided by 100.
1
What is the remainder when 657545 is divided by 309?
302
Calculate the remainder when 2577 is divided by 134.
31
What is the remainder when 1795 is divided by 557?
124
What is the remainder when 284 is divided by 47?
2
What is the remainder when 6245 is divided by 589?
355
What is the remainder when 19018 is divided by 51?
46
Calculate the remainder when 16457 is divided by 16401.
56
Calculate the remainder when 82444 is divided by 129.
13
Calculate the remainder when 13225 is divided by 440.
25
What is the remainder when 18273 is divided by 215?
213
What is the remainder when 40519 is divided by 319?
6
What is the remainder when 2771 is divided by 200?
171
What is the remainder when 199692 is divided by 4437?
27
What is the remainder when 3771 is divided by 82?
81
Calculate the remainder when 24230 is divided by 623.
556
What is the remainder when 2845 is divided by 12?
1
Calculate the remainder when 197108 is divided by 32847.
26
What is the remainder when 109486 is divided by 54716?
54
What is the remainder when 310663 is divided by 532?
507
Calculate the remainder when 1153 is divided by 419.
315
Calculate the remainder when 3504 is divided by 65.
59
What is the remainder when 24645 is divided by 29?
24
What is the remainder when 4617 is divided by 116?
93
What is the remainder when 12922 is divided by 38?
2
What is the remainder when 1230 is divided by 329?
243
What is the remainder when 68433 is divided by 472?
465
What is the remainder when 31157 is divided by 76?
73
What is the remainder when 84216 is divided by 3119?
3
Calculate the remainder when 44356 is divided by 157.
82
Calculate the remainder when 63388 is divided by 288.
28
What is the remainder when 57023 is divided by 108?
107
Calculate the remainder when 111090 is divided by 848.
2
What is the remainder when 1045214 is divided by 178?
176
What is the remainder when 855284 is divided by 24?
20
Calculate the remainder when 52614 is divided by 19.
3
Calculate the remainder when 6297 is divided by 57.
27
Calculate the remainder when 28940 is divided by 108.
104
Calculate the remainder when 1855 is divided by 107.
36
Calculate the remainder when 111596 is divided by 872.
852
Calculate the remainder when 3138 is divided by 46.
10
Calculate the remainder when 131526 is divided by 548.
6
What is the remainder when 13421 is divided by 4365?
326
Calculate the remainder when 92084 is divided by 1439.
1427
What is the remainder when 5465 is divided by 275?
240
What is the remainder when 5107 is divided by 90?
67
Calculate the remainder when 1906 is divided by 1862.
44
What is the remainder when 51127 is divided by 2839?
25
What is the remainder when 1400 is divided by 89?
65
What is the remainder when 42031 is divided by 296?
295
What is the remainder when 6738 is divided by 907?
389
Calculate the remainder when 47012 is divided by 5873.
28
Calculate the remainder when 778 is divided by 98.
92
What is the remainder when 4004 is divided by 3926?
78
What is the remainder when 734011 is divided by 1715?
1706
What is the remainder when 1122 is divided by 272?
34
Calculate the remainder when 36674 is divided by 191.
2
Calculate the remainder when 54380 is divided by 254.
24
What is the remainder when 129436 is divided by 292?
80
What is the remainder when 14026 is divided by 453?
436
Calculate the remainder when 861 is divided by 219.
204
Calculate the remainder when 6623622 is divided by 98.
96
Calculate the remainder when 11785 is divided by 3928.
1
Calculate the remainder when 1545 is divided by 92.
73
Calculate the remainder when 31153 is divided by 25.
3
Calculate the remainder when 758 is divided by 414.
344
Calculate the remainder when 4810 is divided by 193.
178
Calculate the remainder when 21598 is divided by 240.
238
What is the remainder when 493 is divided by 234?
25
What is the remainder when 34455 is divided by 108?
3
Calculate the remainder when 224149 is divided by 593.
588
Calculate the remainder when 10438 is divided by 2600.
38
What is the remainder when 349185 is divided by 12?
9
Calculate the remainder when 490298 is divided by 54476.
14
Calculate the remainder when 1588 is divided by 9.
4
What is the remainder when 21091 is divided by 1757?
7
Calculate the remainder when 245036 is divided by 491.
27
What is the remainder when 23071 is divided by 860?
711
Calculate the remainder when 2689 is divided by 14.
1
Calculate the remainder when 3457 is divided by 111.
16
What is the remainder when 22037 is divided by 380?
377
What is the remainder when 82271 is divided by 91?
7
Calculate the remainder when 3008 is divided by 220.
148
What is the remainder when 3932 is divided by 3164?
768
Calculate the remainder when 101274 is divided by 33756.
6
Calculate the remainder when 132674 is divided by 13.
9
Calculate the remainder when 7766 is divided by 7759.
7
What is the remainder when 119036 is divided by 22?
16
What is the remainder when 22609 is divided by 3765?
19
What is the remainder when 3268 is divided by 823?
799
What is the remainder when 33846 is divided by 16903?
40
What is the remainder when 2086405 is divided by 170?
165
Calculate the remainder when 28274 is divided by 65.
64
Calculate the remainder when 22313 is divided by 769.
12
What is the remainder when 37537 is divided by 2208?
1
What is the remainder when 10372 is divided by 426?
148
What is the remainder when 59 is divided by 3?
2
What is the remainder when 3654 is divided by 575?
204
Calculate the remainder when 53542 is divided by 50.
42
Calculate the remainder when 260701 is divided by 187.
23
What is the remainder when 42351 is divided by 14112?
15
What is the remainder when 281 is divided by 146?
135
Calculate the remainder when 114590 is divided by 75.
65
Calculate the remainder when 94320 is divided by 982.
48
Calculate the remainder when 8561 is divided by 72.
65
Calculate the remainder when 955 is divided by 79.
7
What is the remainder when 455601 is divided by 7855?
11
What is the remainder when 2961869 is divided by 76?
73
What is the remainder when 555 is divided by 221?
113
Calculate the remainder when 1261 is divided by 182.
169
What is the remainder when 7530 is divided by 658?
292
Calculate the remainder when 830 is divided by 794.
36
What is the remainder when 2104 is divided by 877?
350
What is the remainder when 2338419 is divided by 678?
675
Calculate the remainder when 181903 is divided by 146.
133
Calculate the remainder when 85598 is divided by 404.
354
What is the remainder when 9874 is divided by 182?
46
Calculate the remainder when 49317 is divided by 49315.
2
Calculate the remainder when 4954143 is divided by 8.
7
Calculate the remainder when 4200 is divided by 124.
108
Calculate the remainder when 4279 is divided by 4045.
234
Calculate the remainder when 42235 is divided by 587.
558
What is the remainder when 63794 is divided by 40?
34
What is the remainder when 4580 is divided by 166?
98
Calculate the remainder when 345986 is divided by 2322.
8
What is the remainder when 7975 is divided by 273?
58
Calculate the remainder when 358697 is divided by 11.
9
Calculate the remainder when 6523 is divided by 1297.
38
What is the remainder when 129279 is divided by 202?
201
What is the remainder when 12585 is divided by 159?
24
Calculate the remainder when 2310 is divided by 2298.
12
Calculate the remainder when 5702 is divided by 629.
41
What is the remainder when 25863 is divided by 488?
487
What is the remainder when 5420 is divided by 692?
576
What is the remainder when 62479 is divided by 176?
175
What is the remainder when 154777 is divided by 51587?
16
Calculate the remainder when 26229 is divided by 495.
489
What is the remainder when 944 is divided